{"id":297,"date":"2018-07-22T22:25:03","date_gmt":"2018-07-22T22:25:03","guid":{"rendered":"http:\/\/pick-up-ramblers.de\/?page_id=297"},"modified":"2022-02-22T19:58:42","modified_gmt":"2022-02-22T18:58:42","slug":"facebook-kontakt","status":"publish","type":"page","link":"http:\/\/pick-up-ramblers.de\/?page_id=297","title":{"rendered":"Facebook\/Kontakt"},"content":{"rendered":"<p><strong>Hi Folks!<\/strong><\/p>\n<p><strong>besuchen Sie unsere Facebook-Seite:&nbsp;<\/strong><strong> <em><a href=\"https:\/\/www.facebook.com\/Pick-Up-Ramblers-309985452359018\/\" target=\"_blank\" rel=\"noopener\">Facebook-Seite<\/a><\/em><\/strong><\/p>\n<p>&nbsp;<\/p>\n<p>Kontaktaufnahme:<\/p>\n<p>Erwin und Tamara Wagner<br>N\u00f6rdlinger Stra\u00dfe 77<br>86343 K\u00f6nigsbrunn<\/p>\n<p>mobil: 0177 \/ 3647324<br>Tel.: 08231 \/ 7362<br>Email: tamarajw@aol.com<\/p>\n\n\n<p><\/p>\n","protected":false},"excerpt":{"rendered":"<p>Hi Folks! besuchen Sie unsere Facebook-Seite:&nbsp; Facebook-Seite &nbsp; Kontaktaufnahme: Erwin und Tamara WagnerN\u00f6rdlinger Stra\u00dfe 7786343 K\u00f6nigsbrunn mobil: 0177 \/ 3647324Tel.: 08231 \/ 7362Email: tamarajw@aol.com<\/p>\n<p> <a class=\"continue-reading-link\" href=\"http:\/\/pick-up-ramblers.de\/?page_id=297\"><span><\/span><i class=\"crycon-right-dir\"><\/i><\/a> <\/p>\n","protected":false},"author":1,"featured_media":0,"parent":0,"menu_order":0,"comment_status":"closed","ping_status":"closed","template":"","meta":{"ngg_post_thumbnail":0},"_links":{"self":[{"href":"http:\/\/pick-up-ramblers.de\/index.php?rest_route=\/wp\/v2\/pages\/297"}],"collection":[{"href":"http:\/\/pick-up-ramblers.de\/index.php?rest_route=\/wp\/v2\/pages"}],"about":[{"href":"http:\/\/pick-up-ramblers.de\/index.php?rest_route=\/wp\/v2\/types\/page"}],"author":[{"embeddable":true,"href":"http:\/\/pick-up-ramblers.de\/index.php?rest_route=\/wp\/v2\/users\/1"}],"replies":[{"embeddable":true,"href":"http:\/\/pick-up-ramblers.de\/index.php?rest_route=%2Fwp%2Fv2%2Fcomments&post=297"}],"version-history":[{"count":4,"href":"http:\/\/pick-up-ramblers.de\/index.php?rest_route=\/wp\/v2\/pages\/297\/revisions"}],"predecessor-version":[{"id":611,"href":"http:\/\/pick-up-ramblers.de\/index.php?rest_route=\/wp\/v2\/pages\/297\/revisions\/611"}],"wp:attachment":[{"href":"http:\/\/pick-up-ramblers.de\/index.php?rest_route=%2Fwp%2Fv2%2Fmedia&parent=297"}],"curies":[{"name":"wp","href":"https:\/\/api.w.org\/{rel}","templated":true}]}}