{"id":179,"date":"2017-03-13T20:34:35","date_gmt":"2017-03-13T20:34:35","guid":{"rendered":"http:\/\/pick-up-ramblers.de\/?page_id=179"},"modified":"2022-05-24T19:36:18","modified_gmt":"2022-05-24T17:36:18","slug":"impressum","status":"publish","type":"page","link":"http:\/\/pick-up-ramblers.de\/?page_id=179","title":{"rendered":"Impressum"},"content":{"rendered":"<h4>Angaben gem\u00e4\u00df \u00a7 5 TMG und \u00a7 55 RStV:<\/h4>\n<h4><strong>Pick up Ramblers &#8211; Country &amp; Western Music<\/strong><\/h4>\n<h4><strong>N\u00f6rdlinger Stra\u00dfe 77<\/strong><br \/>\n<strong> 86343 K\u00f6nigsbrunn<\/strong><br \/>\n<strong> mobil: 0177 &#8211; 3647324<\/strong><br \/>\n<strong> Tel.: 08231 &#8211; 7362<\/strong><br \/>\n<strong> Email: pickupramblers@outlook.de<\/strong><\/h4>\n<h4>Verantwortlich f\u00fcr den Inhalt \u2028nach \u00a7 55 Abs. 2 RStV:<br \/>\nPick up Ramblers (Anschrift wie oben)<\/h4>\n<h5>Haftungsausschlu\u00df (DISCLAIMER)<\/h5>\n<h5>1. Haftungsbeschr\u00e4nkung<br \/>\nDie Inhalte dieser Website werden mit gr\u00f6\u00dftm\u00f6glicher Sorgfalt erstellt.<br \/>\nDer Anbieter \u00fcbernimmt jedoch keine Gew\u00e4hr f\u00fcr die Richtigkeit, Vollst\u00e4ndigkeit und Aktualit\u00e4t der bereitgestellten Inhalte.<br \/>\nDie Nutzung der Inhalte der Website erfolgt auf eigene Gefahr des Nutzers.<br \/>\nNamentlich gekennzeichnete Beitr\u00e4ge geben die Meinung des jeweiligen Autors und nicht immer die Meinung des Anbieters wieder.<br \/>\nMit der reinen Nutzung der Website des Anbieters kommt keinerlei Vertragsverh\u00e4ltnis zwischen dem Nutzer und dem Anbieter zustande.<\/h5>\n<h5>2. Externe Links<br \/>\nDiese Website enth\u00e4lt Verkn\u00fcpfungen zu Websites Dritter (\u201eexterne Links\u201c).<br \/>\nDiese Websites unterliegen der Haftung der jeweiligen Betreiber.<br \/>\nDer Anbieter hat bei der erstmaligen Verkn\u00fcpfung der externen Links die fremden Inhalte daraufhin \u00fcberpr\u00fcft, ob etwaige Rechtsverst\u00f6\u00dfe bestehen.<br \/>\nZu dem Zeitpunkt waren keine Rechtsverst\u00f6\u00dfe ersichtlich.<br \/>\nDer Anbieter hat keinerlei Einfluss auf die aktuelle und zuk\u00fcnftige Gestaltung und auf die Inhalte der verkn\u00fcpften Seiten.<br \/>\nDas Setzen von externen Links bedeutet nicht, dass sich der Anbieter die hinter dem Verweis oder Link liegenden Inhalte zu Eigen macht.<br \/>\nEine st\u00e4ndige Kontrolle der externen Links ist f\u00fcr den Anbieter ohne konkrete Hinweise auf Rechtsverst\u00f6\u00dfe nicht zumutbar.<br \/>\nBei Kenntnis von Rechtsverst\u00f6\u00dfen werden jedoch derartige externe Links unverz\u00fcglich gel\u00f6scht.<\/h5>\n<h5>3. Urheber- und Leistungsschutzrechte<br \/>\nDie auf dieser Website ver\u00f6ffentlichten Inhalte unterliegen dem deutschen Urheber- und Leistungsschutzrecht.<br \/>\nJede vom deutschen Urheber- und Leistungsschutzrecht nicht zugelassene Verwertung bedarf der vorherigen schriftlichen Zustimmung des Anbieters oder jeweiligen Rechteinhabers.<br \/>\nDies gilt insbesondere f\u00fcr Vervielf\u00e4ltigung, Bearbeitung, \u00dcbersetzung, Einspeicherung, Verarbeitung bzw. Wiedergabe von Inhalten in Datenbanken oder anderen elektronischen Medien und Systemen.<br \/>\nInhalte und Rechte Dritter sind dabei als solche gekennzeichnet.<br \/>\nDie unerlaubte Vervielf\u00e4ltigung oder Weitergabe einzelner Inhalte oder kompletter Seiten ist nicht gestattet und strafbar.<br \/>\nLediglich die Herstellung von Kopien und Downloads f\u00fcr den pers\u00f6nlichen, privaten und nicht kommerziellen Gebrauch ist erlaubt.<br \/>\nDie Darstellung dieser Website in fremden Frames ist nur mit schriftlicher Erlaubnis zul\u00e4ssig.<\/h5>\n<h5>4. Datenschutz<br \/>\nDurch den Besuch der Website des Anbieters k\u00f6nnen Informationen \u00fcber den Zugriff (Datum, Uhrzeit, betrachtete Seite) gespeichert werden.<br \/>\nDiese Daten geh\u00f6ren nicht zu den personenbezogenen Daten, sondern sind anonymisiert.<br \/>\nSie werden ausschlie\u00dflich zu statistischen Zwecken ausgewertet.<br \/>\nEine Weitergabe an Dritte, zu kommerziellen oder nichtkommerziellen Zwecken, findet nicht statt.<br \/>\nDer Anbieter weist ausdr\u00fccklich darauf hin, dass die Daten\u00fcbertragung im Internet (z.B. bei der Kommunikation per E-Mail) Sicherheitsl\u00fccken aufweisen und nicht l\u00fcckenlos vor dem Zugriff durch Dritte gesch\u00fctzt werden kann.<br \/>\nDie Verwendung der Kontaktdaten des Impressums zur gewerblichen Werbung ist ausdr\u00fccklich nicht erw\u00fcnscht, es sei denn der Anbieter hatte zuvor seine schriftliche Einwilligung erteilt oder es besteht bereits eine Gesch\u00e4ftsbeziehung.<br \/>\nDer Anbieter und alle auf dieser Website genannten Personen widersprechen hiermit jeder kommerziellen Verwendung und Weitergabe ihrer Daten.<\/h5>\n<h5>Personenbezogene Daten<br \/>\nSie k\u00f6nnen unsere Webseite ohne Angabe personenbezogener Daten besuchen.<br \/>\nSoweit auf unseren Seiten personenbezogene Daten (wie Name, Anschrift oder E-Mail Adresse) erhoben werden, erfolgt dies, soweit m\u00f6glich, auf freiwilliger Basis.<br \/>\nDiese Daten werden ohne Ihre ausdr\u00fcckliche Zustimmung nicht an Dritte weitergegeben.<br \/>\nSofern zwischen Ihnen und uns ein Vertragsverh\u00e4ltnis begr\u00fcndet, inhaltlich ausgestaltet oder ge\u00e4ndert werden soll oder Sie an uns eine Anfrage stellen, erheben und verwenden wir personenbezogene Daten von Ihnen, soweit dies zu diesen Zwecken erforderlich ist (Bestandsdaten).<br \/>\nWir erheben, verarbeiten und nutzen personenbezogene Daten soweit dies erforderlich ist, um Ihnen die Inanspruchnahme des Webangebots zu erm\u00f6glichen (Nutzungsdaten).<br \/>\nS\u00e4mtliche personenbezogenen Daten werden nur solange gespeichert wie dies f\u00fcr den genannten Zweck (Bearbeitung Ihrer Anfrage oder Abwicklung eines Vertrags) erforderlich ist.<br \/>\nHierbei werden steuer- und handelsrechtliche Aufbewahrungsfristen ber\u00fccksichtigt.<br \/>\nAuf Anordnung der zust\u00e4ndigen Stellen d\u00fcrfen wir im Einzelfall Auskunft \u00fcber diese Daten (Bestandsdaten) erteilen, soweit dies f\u00fcr Zwecke der Strafverfolgung, zur Gefahrenabwehr, zur Erf\u00fcllung der gesetzlichen Aufgaben der Verfassungsschutzbeh\u00f6rden oder des Milit\u00e4rischen Abschirmdienstes oder zur Durchsetzung der Rechte am geistigen Eigentum erforderlich ist.<\/h5>\n<h5>Auskunftsrecht<br \/>\nSie haben das jederzeitige Recht, sich unentgeltlich und unverz\u00fcglich \u00fcber die zu Ihrer Person erhobenen Daten zu erkundigen.<br \/>\nSie haben das jederzeitige Recht, Ihre Zustimmung zur Verwendung Ihrer angegeben pers\u00f6nlichen Daten mit Wirkung f\u00fcr die Zukunft zu widerrufen.<br \/>\nZur Auskunftserteilung wenden Sie sich bitte an den Anbieter unter den Kontaktdaten im Impressum.<\/h5>\n<h5>5. Besondere Nutzungsbedingungen<br \/>\nSoweit besondere Bedingungen f\u00fcr einzelne Nutzungen dieser Website von den vorgenannten Nummern 1. bis 4. abweichen, wird an entsprechender Stelle ausdr\u00fccklich darauf hingewiesen.<br \/>\nIn diesem Falle gelten im jeweiligen Einzelfall die besonderen Nutzungsbedingungen.<\/h5>\n<h5>Quelle: Muster-Disclaimer vom Juraforum.de in Kooperation mit der bista.de Online-Rechtsberatung.<\/h5>\n<h5>5.&nbsp;<strong>Allgemeine Datenschutzerkl\u00e4rung<\/strong><\/h5>\n<h5>Durch die Nutzung unserer Website erkl\u00e4ren Sie sich mit der Erhebung, Verarbeitung und Nutzung von Daten gem\u00e4\u00df der nachfolgenden Beschreibung einverstanden. Unsere Website kann grunds\u00e4tzlich ohne Registrierung besucht werden. Dabei werden Daten wie beispielsweise aufgerufene Seiten bzw. Namen der abgerufenen Datei, Datum und Uhrzeit zu statistischen Zwecken auf dem Server gespeichert, ohne dass diese Daten unmittelbar auf Ihre Person bezogen werden. Personenbezogene Daten, insbesondere Name, Adresse oder E-Mail-Adresse werden soweit m\u00f6glich auf freiwilliger Basis erhoben. Ohne Ihre Einwilligung erfolgt keine Weitergabe der Daten an Dritte.<\/h5>\n<h5>Quelle: <a href=\"https:\/\/www.anwalt.de\/vorlage\/muster-datenschutzerklaerung.php\">Muster-Datenschutzerkl\u00e4rung von anwalt.de<\/a><\/h5>\n","protected":false},"excerpt":{"rendered":"<p>Angaben gem\u00e4\u00df \u00a7 5 TMG und \u00a7 55 RStV: Pick up Ramblers &#8211; Country &amp; Western Music N\u00f6rdlinger Stra\u00dfe 77 86343 K\u00f6nigsbrunn mobil: 0177 &#8211; 3647324 Tel.: 08231 &#8211; 7362 Email: pickupramblers@outlook.de Verantwortlich f\u00fcr den Inhalt \u2028nach \u00a7 55 Abs. 2 RStV: Pick up Ramblers (Anschrift wie oben) Haftungsausschlu\u00df (DISCLAIMER)\u2026<\/p>\n<p> <a class=\"continue-reading-link\" href=\"http:\/\/pick-up-ramblers.de\/?page_id=179\"><span><\/span><i class=\"crycon-right-dir\"><\/i><\/a> <\/p>\n","protected":false},"author":1,"featured_media":0,"parent":0,"menu_order":0,"comment_status":"closed","ping_status":"closed","template":"","meta":{"ngg_post_thumbnail":0},"_links":{"self":[{"href":"http:\/\/pick-up-ramblers.de\/index.php?rest_route=\/wp\/v2\/pages\/179"}],"collection":[{"href":"http:\/\/pick-up-ramblers.de\/index.php?rest_route=\/wp\/v2\/pages"}],"about":[{"href":"http:\/\/pick-up-ramblers.de\/index.php?rest_route=\/wp\/v2\/types\/page"}],"author":[{"embeddable":true,"href":"http:\/\/pick-up-ramblers.de\/index.php?rest_route=\/wp\/v2\/users\/1"}],"replies":[{"embeddable":true,"href":"http:\/\/pick-up-ramblers.de\/index.php?rest_route=%2Fwp%2Fv2%2Fcomments&post=179"}],"version-history":[{"count":9,"href":"http:\/\/pick-up-ramblers.de\/index.php?rest_route=\/wp\/v2\/pages\/179\/revisions"}],"predecessor-version":[{"id":692,"href":"http:\/\/pick-up-ramblers.de\/index.php?rest_route=\/wp\/v2\/pages\/179\/revisions\/692"}],"wp:attachment":[{"href":"http:\/\/pick-up-ramblers.de\/index.php?rest_route=%2Fwp%2Fv2%2Fmedia&parent=179"}],"curies":[{"name":"wp","href":"https:\/\/api.w.org\/{rel}","templated":true}]}}